*5/60 - p**4/2 + 62*p**3/3 - 33*p**2 - 3*p. Let z be f(-18). Calculate the highest common factor of 400 and z.
16
Suppose 112*z - 139*z = -13905. Calculate the greatest common divisor of z and 35.
5
Suppose 12*f = -34*f + 75032 - 11046. Calculate the greatest common divisor of 535 and f.
107
Let l(o) = 66*o + 201. Let d be 8/(-14) + (-1060)/(-140). Let c be l(d). Calculate the greatest common divisor of c and 51.
51
Let g(f) = -f**3 - 19*f**2 + 19*f - 18. Let j be g(-20). Suppose -3*m = -j*n - 2*n + 69, -47 = -2*n - m. What is the greatest common divisor of 672 and n?
21
Let m = -32 - -36. Suppose -y = -3*y + m*a + 430, 0 = 4*y - a - 867. Calculate the highest common divisor of y and 31.
31
Let v be (1/2)/(7/210). Let m be v/(-75) - (-1)/5. Let q be -1*(-10 - m - -1). Calculate the greatest common factor of 9 and q.
9
Let v = 2113 + -1483. Calculate the highest common divisor of 110 and v.
10
Suppose 10 = 2*v, 8*a + 1225 = 9*a - 5*v. What is the highest common factor of 80 and a?
10
Suppose 16 = -5*g + 13*g. Let x be 6 + 2*g/(-1). Suppose 0*w - 2*w = 2*u - 136, x*u - 151 = -5*w. Calculate the highest common divisor of 42 and u.
21
Let d be (17 + -7)*(-2)/(-5). Let u(t) = 3*t - 11. Let o be u(d). Let a be (-30)/(-210) + (-12)/(-14). What is the greatest common divisor of o and a?
1
Suppose -3*y + 631 = 2*b, 4*y + 209 = 4*b - 983. Calculate the highest common factor of b and 976.
61
Let q(g) = -58*g**2 + 1329*g + 7. Let x be q(10). What is the greatest common factor of 21 and x?
21
Suppose 5*t + 3*s - 696 = -205, -2*t = -2*s - 206. Calculate the greatest common factor of t and 7300.
100
Let h = -38 - 210. Let a(t) = -t**2 + t + 608. Let n be a(0). Let f = h + n. Calculate the greatest common factor of f and 45.
45
Suppose 3*q + 9 = 0, 3*p - 8*p - q + 572 = 0. Suppose -3*l - j = -179, -4*l + 126 = -j - p. Calculate the greatest common divisor of 24 and l.
12
Let c be 6/(-44)*-4*(131 - -111). Suppose 4*b + n + 2*n = 704, 2*n = -4*b + 704. Calculate the greatest common divisor of b and c.
44
Suppose -q - r - 95 = -6*q, -4*r = -q. Let d = 95687 - 95667. What is the highest common factor of q and d?
20
Let o(r) = 139*r**2 + 52*r + 7. Let m be o(7). Suppose 13*n = 32*n - m. Calculate the highest common factor of n and 42.
42
Suppose 81*l - 4*s + 15452 = 84*l, -5*l + 2*s + 25762 = 0. Calculate the greatest common divisor of 40 and l.
8
Let q(k) = 5*k + 82 + 85 - 132. Let a be q(-4). What is the greatest common factor of 195 and a?
15
Suppose -2*g = w - 4*w + 566, -3*w + 574 = -4*g. Calculate the greatest common factor of 682 and w.
62
Let s = 292 + -211. Let a(m) = m**3 - 33*m**2 + 10*m - 141. Let n be a(33). Calculate the greatest common divisor of s and n.
27
Suppose -2*a + 56 = -32. Suppose -4 + 5 = -b - 2*n, n - 2 = 2*b. Let u(k) = 10*k**2 - 4*k - 3. Let i be u(b). What is the highest common divisor of a and i?
11
Let q = 1080 - -845. Suppose v = -4*h - 0*v + 1540, 5*h - q = v. Calculate the highest common factor of h and 35.
35
Suppose 14532 = 5*c + 8*r, -5*c - 5*r + 3358 = -11192. Calculate the highest common factor of 756 and c.
108
Let k = -7048 + 32171. Calculate the highest common factor of k and 259.
259
Let p(s) = -8*s + 5. Let q be p(-1). Suppose -m + q*m = 240. Let j = -3 - -8. Calculate the greatest common factor of j and m.
5
Suppose -3*v + 19 = -953. Suppose -3*h + 2*z - 3 = -2*z, -5*h + 5*z = 0. Let w be h/24*6*48. What is the greatest common factor of w and v?
36
Let c(d) = 5*d**3 + 73*d**2 - 34*d - 27. Let z be c(-15). What is the greatest common divisor of 22 and z?
11
Let k = 1 + -12. Let c = 20 + k. Suppose -5*t = 47*p + 433, -4*t + 222 = 7*p - 10*p. What is the highest common divisor of t and c?
9
Let o be (-4)/6*(231498/(-2052) + 24/76). Calculate the greatest common factor of o and 8325.
75
Suppose -53 - 134 = -3*y - 1. What is the greatest common divisor of y and 62?
62
Suppose 81*f - 60*f + 1344 = 77*f. Let a(k) = -k**3 + 8*k. Let o be a(-6). Calculate the greatest common divisor of o and f.
24
Let z(o) = -291*o**2 - o - 2. Let m be z(-1). Let l = m - -710. What is the highest common factor of l and 11?
11
Suppose -4*d - 9*m - 5550 = -7*m, -25 = -5*m. Let x = -949 - d. What is the greatest common factor of 63 and x?
63
Suppose 15*t = 31049 + 30991 + 2820. What is the greatest common divisor of t and 1504?
188
Suppose -506*n + 504*n + 4740 = 4*b, 2*n + 5916 = 5*b. What is the greatest common factor of 222 and b?
74
Let k = -15173 - -21998. Calculate the greatest common factor of 117 and k.
39
Suppose 0 = -58*q + 84*q - 33436. What is the highest common divisor of q and 2?
2
Let z be 21/(-105) + 1443/15. What is the greatest common divisor of z and 912?
48
Let k(z) = 4*z**2 + 140*z + 140. Let d be k(-50). Calculate the greatest common factor of 20 and d.
20
Let g = 248 - 184. Let d = g - 4. What is the greatest common factor of 36 and d?
12
Let l = -10337 + 10372. What is the highest common factor of l and 375?
5
Let r = 121 - 110. Suppose -11 - 22 = -r*w. Let u(b) = b**3 - 3*b**2 + 3*b. Let p be u(2). What is the highest common factor of w and p?
1
Let s(z) = -z + 2. Let g(n) = 3*n**3 + 19*n**2 - 18*n + 30. Let b(q) = g(q) - 6*s(q). Let a be b(-7). Calculate the greatest common factor of a and 22.
2
Let l = 639 + -9. Let m = 680 - l. Suppose -5*c = -5*s - 55, 5*s = -2*c - 0*s + 15. Calculate the greatest common factor of m and c.
10
Let l(k) be the first derivative of -k**3/3 + 10*k**2 - 75*k + 36. Let x be l(14). What is the highest common divisor of x and 279?
9
Suppose -5*d = 5*y - 2*d + 85, -5*d + 31 = -4*y. Let t be (-52)/(-7) - 8 - 1576/y. What is the highest common divisor of t and 16?
16
Suppose -3*l = -3*u + u + 1, -l - 3 = 0. Let z be (-3 - -5)/(u/(-22)). Suppose 21*g - g = 4*g + 1408. What is the greatest common factor of z and g?
11
Let h be (-1)/((3/90)/((-3)/6)). Let j(t) = 20*t**3 - 9*t**2 - h*t**3 - 3 + 9*t**2 - 4*t. Let c be j(2). Calculate the highest common divisor of c and 87.
29
Suppose 4*l = -14 + 26, 0 = 3*p + 2*l - 47853. What is the highest common factor of 41 and p?
41
Let g(l) = -l**2 + 50*l - 137. Let b be g(45). What is the highest common factor of b and 44?
44
Let b(u) = u**3 - 11*u**2 + 10*u. Let y be b(10). Suppose 10 = 2*q, -q + y*q + 317 = 3*h. Calculate the highest common divisor of h and 8.
8
Suppose 7596*k = 7606*k - 101 + 1. Let g = 7 - 72. Let i = -35 - g. What is the highest common factor of i and k?
10
Suppose 0 = -4*g - 20, 14*g - 13*g + 20335 = 2*m. Calculate the greatest common factor of 107 and m.
107
Suppose 4*q + 442 = 3*v, v - 9*q + 7*q = 148. Let l = 119 - v. Let i be (-1252)/(-36) - 3 - 6/l. Calculate the greatest common divisor of 2 and i.
2
Suppose 0 = -276*f - 371*f + 4586583. Calculate the highest common factor of f and 51.
51
Let p(j) = -j**2 + 5*j - 4. Let z be p(2). Suppose 77 = z*m + 25. Suppose -41 = -5*f + 219. What is the highest common divisor of m and f?
26
Suppose 12 + 0 = 4*m. Let o(a) = -6*a + 407. Let t be o(48). Suppose 0 = m*d - 4 - t. What is the greatest common divisor of d and 205?
41
Suppose 10*a + 2*c = 6*a + 20602, -2*c - 15441 = -3*a. Calculate the greatest common factor of 19 and a.
19
Suppose -t + 5*t = 0, -2*u - 1080 = 2*t. Let v = u - -760. Let r = v + -121. Calculate the greatest common factor of r and 9.
9
Let x = -959 - -1597. Suppose -2*d = 8*k - 11*k + 56, 3*k + 3*d = 81. What is the greatest common factor of k and x?
22
Let s = 145 + -142. Suppose -s*o = -5*z - 244, 5*o = 2*z + 173 + 240. Calculate the greatest common divisor of o and 83.
83
Let y(t) = 11*t**3 + 3*t - 2. Let c be y(1). Let b = c - -674. Calculate the greatest common factor of 49 and b.
49
Let q(a) = a**3 + 2*a**2 - a + 7. Let m be q(-3). Let z be 0 + 327 + m - (-68)/34. What is the greatest common divisor of z and 30?
30
Suppose 59*o - 219 - 371 = 0. What is the greatest common divisor of o and 1545?
5
Let m(f) = f**3 + 2*f**2 + f - 5. Let o be m(3). Let b = -30 + o. Suppose 17 = 3*k - b. What is the highest common divisor of k and 30?
10
Suppose -2*b + 4 = 0, -k + b = -0*b - 10. Let h = -76 + 32. Let d be (8/(-5))/(h/330). Calculate the highest common factor of d and k.
12
Let h(x) = -182*x**3 + 4*x**2 + 46*x + 43. Let j be h(-1). Calculate the greatest common divisor 